{"id":7,"date":"2025-06-01T20:13:04","date_gmt":"2025-06-01T18:13:04","guid":{"rendered":"https:\/\/tjaudio.pl\/?page_id=7"},"modified":"2025-06-03T15:02:42","modified_gmt":"2025-06-03T13:02:42","slug":"tjaudio","status":"publish","type":"page","link":"https:\/\/tjaudio.pl\/","title":{"rendered":"TJaudio"},"content":{"rendered":"\t\t<div data-elementor-type=\"wp-page\" data-elementor-id=\"7\" class=\"elementor elementor-7\" data-elementor-post-type=\"page\">\n\t\t\t\t<div class=\"elementor-element elementor-element-d3a01f3 e-flex e-con-boxed e-con e-parent\" data-id=\"d3a01f3\" data-element_type=\"container\" data-e-type=\"container\">\n\t\t\t\t\t<div class=\"e-con-inner\">\n\t\t<div class=\"elementor-element elementor-element-896c678 e-con-full e-flex e-con e-child\" data-id=\"896c678\" data-element_type=\"container\" data-e-type=\"container\">\n\t\t\t\t<div class=\"elementor-element elementor-element-d327423 elementor-widget elementor-widget-image-carousel\" data-id=\"d327423\" data-element_type=\"widget\" data-e-type=\"widget\" data-settings=\"{&quot;slides_to_show&quot;:&quot;1&quot;,&quot;navigation&quot;:&quot;none&quot;,&quot;autoplay_speed&quot;:2500,&quot;effect&quot;:&quot;fade&quot;,&quot;speed&quot;:1000,&quot;autoplay&quot;:&quot;yes&quot;,&quot;infinite&quot;:&quot;yes&quot;}\" data-widget_type=\"image-carousel.default\">\n\t\t\t\t\t\t\t<div class=\"elementor-image-carousel-wrapper swiper\" role=\"region\" aria-roledescription=\"carousel\" aria-label=\"Karuzela obrazk\u00f3w\" dir=\"ltr\">\n\t\t\t<div class=\"elementor-image-carousel swiper-wrapper swiper-image-stretch\" aria-live=\"off\">\n\t\t\t\t\t\t\t\t<div class=\"swiper-slide\" role=\"group\" aria-roledescription=\"slide\" aria-label=\"1 z 5\"><figure class=\"swiper-slide-inner\"><img decoding=\"async\" class=\"swiper-slide-image\" src=\"https:\/\/tjaudio.pl\/wp-content\/uploads\/2025\/06\/s1.jpg\" alt=\"s1\" \/><\/figure><\/div><div class=\"swiper-slide\" role=\"group\" aria-roledescription=\"slide\" aria-label=\"2 z 5\"><figure class=\"swiper-slide-inner\"><img decoding=\"async\" class=\"swiper-slide-image\" src=\"https:\/\/tjaudio.pl\/wp-content\/uploads\/2025\/06\/s2.jpg\" alt=\"s2\" \/><\/figure><\/div><div class=\"swiper-slide\" role=\"group\" aria-roledescription=\"slide\" aria-label=\"3 z 5\"><figure class=\"swiper-slide-inner\"><img decoding=\"async\" class=\"swiper-slide-image\" src=\"https:\/\/tjaudio.pl\/wp-content\/uploads\/2025\/06\/s3-1.jpg\" alt=\"s3-1\" \/><\/figure><\/div><div class=\"swiper-slide\" role=\"group\" aria-roledescription=\"slide\" aria-label=\"4 z 5\"><figure class=\"swiper-slide-inner\"><img decoding=\"async\" class=\"swiper-slide-image\" src=\"https:\/\/tjaudio.pl\/wp-content\/uploads\/2025\/06\/s4-1.jpg\" alt=\"s4-1\" \/><\/figure><\/div><div class=\"swiper-slide\" role=\"group\" aria-roledescription=\"slide\" aria-label=\"5 z 5\"><figure class=\"swiper-slide-inner\"><img decoding=\"async\" class=\"swiper-slide-image\" src=\"https:\/\/tjaudio.pl\/wp-content\/uploads\/2025\/06\/box2.png\" alt=\"box2\" \/><\/figure><\/div>\t\t\t<\/div>\n\t\t\t\t\t\t\t\n\t\t\t\t\t\t\t\t\t<\/div>\n\t\t\t\t\t\t<\/div>\n\t\t\t\t<div class=\"elementor-element elementor-element-8fdd44c elementor-widget elementor-widget-text-editor\" data-id=\"8fdd44c\" data-element_type=\"widget\" data-e-type=\"widget\" data-widget_type=\"text-editor.default\">\n\t\t\t\t\t\t\t\t\t<p>Podczas doboru aparat\u00f3w s\u0142uchowych, skupiamy si\u0119 na zapewnienie naszym pacjentom najwy\u017cszego komfortu zrozumienia mowy oraz ograniczeniu wszelkiego rodzaju zak\u0142\u00f3ce\u0144. Najwy\u017cszym dowodem uznania jest dla nas polecenie naszych us\u0142ug swojej rodzinie oraz znajomym.<\/p>\t\t\t\t\t\t\t\t<\/div>\n\t\t\t\t<div class=\"elementor-element elementor-element-4a898c7 elementor-align-left elementor-mobile-align-justify elementor-widget elementor-widget-button\" data-id=\"4a898c7\" data-element_type=\"widget\" data-e-type=\"widget\" data-widget_type=\"button.default\">\n\t\t\t\t\t\t\t\t\t\t<a class=\"elementor-button elementor-button-link elementor-size-sm\" href=\"https:\/\/www.marmed.pl\/o-nas\/\" rel=\"noopener\">\n\t\t\t\t\t\t<span class=\"elementor-button-content-wrapper\">\n\t\t\t\t\t\t\t\t\t<span class=\"elementor-button-text\">Dowiedz si\u0119 wi\u0119cej<\/span>\n\t\t\t\t\t<\/span>\n\t\t\t\t\t<\/a>\n\t\t\t\t\t\t\t\t<\/div>\n\t\t\t\t<\/div>\n\t\t<div class=\"elementor-element elementor-element-25b47bc e-con-full e-flex e-con e-child\" data-id=\"25b47bc\" data-element_type=\"container\" data-e-type=\"container\">\n\t\t\t\t<div class=\"elementor-element elementor-element-0162991 elementor-widget elementor-widget-heading\" data-id=\"0162991\" data-element_type=\"widget\" data-e-type=\"widget\" data-widget_type=\"heading.default\">\n\t\t\t\t\t<h2 class=\"elementor-heading-title elementor-size-default\">Znajd\u017a oddzia\u0142 TJaudio<\/h2>\t\t\t\t<\/div>\n\t\t<a class=\"elementor-element elementor-element-4105a3d e-con-full e-flex e-con e-child\" data-id=\"4105a3d\" data-element_type=\"container\" data-e-type=\"container\" data-settings=\"{&quot;background_background&quot;:&quot;classic&quot;}\" href=\"https:\/\/www.marmed.pl\/mapa\/\" rel=\"noopener\">\n\t\t\t\t<\/a>\n\t\t\t\t<div class=\"elementor-element elementor-element-3dbb49c elementor-widget elementor-widget-heading\" data-id=\"3dbb49c\" data-element_type=\"widget\" data-e-type=\"widget\" data-widget_type=\"heading.default\">\n\t\t\t\t\t<h2 class=\"elementor-heading-title elementor-size-default\">Um\u00f3w si\u0119 ju\u017c dzi\u015b<\/h2>\t\t\t\t<\/div>\n\t\t\t\t<div class=\"elementor-element elementor-element-721b45b elementor-align-left elementor-mobile-align-justify elementor-widget elementor-widget-button\" data-id=\"721b45b\" data-element_type=\"widget\" data-e-type=\"widget\" data-widget_type=\"button.default\">\n\t\t\t\t\t\t\t\t\t\t<a class=\"elementor-button elementor-button-link elementor-size-sm\" href=\"https:\/\/www.marmed.pl\/umow-wizyte\/\" rel=\"noopener\">\n\t\t\t\t\t\t<span class=\"elementor-button-content-wrapper\">\n\t\t\t\t\t\t\t\t\t<span class=\"elementor-button-text\">Um\u00f3w wizyt\u0119<\/span>\n\t\t\t\t\t<\/span>\n\t\t\t\t\t<\/a>\n\t\t\t\t\t\t\t\t<\/div>\n\t\t\t\t<\/div>\n\t\t\t\t\t<\/div>\n\t\t\t\t<\/div>\n\t\t<div class=\"elementor-element elementor-element-b8ac39f e-grid e-con-boxed e-con e-parent\" data-id=\"b8ac39f\" data-element_type=\"container\" data-e-type=\"container\">\n\t\t\t\t\t<div class=\"e-con-inner\">\n\t\t<div class=\"elementor-element elementor-element-7092d77 e-con-full e-flex e-con e-child\" data-id=\"7092d77\" data-element_type=\"container\" data-e-type=\"container\" data-settings=\"{&quot;background_background&quot;:&quot;classic&quot;}\">\n\t\t\t\t<div class=\"elementor-element elementor-element-24bff86 elementor-widget elementor-widget-image\" data-id=\"24bff86\" data-element_type=\"widget\" data-e-type=\"widget\" data-widget_type=\"image.default\">\n\t\t\t\t\t\t\t\t\t\t\t\t\t\t\t<img fetchpriority=\"high\" decoding=\"async\" width=\"600\" height=\"366\" src=\"https:\/\/tjaudio.pl\/wp-content\/uploads\/2025\/06\/badaniesluchu2.png\" class=\"attachment-full size-full wp-image-52\" alt=\"\" srcset=\"https:\/\/tjaudio.pl\/wp-content\/uploads\/2025\/06\/badaniesluchu2.png 600w, https:\/\/tjaudio.pl\/wp-content\/uploads\/2025\/06\/badaniesluchu2-300x183.png 300w\" sizes=\"(max-width: 600px) 100vw, 600px\" \/>\t\t\t\t\t\t\t\t\t\t\t\t\t\t\t<\/div>\n\t\t\t\t<div class=\"elementor-element elementor-element-c088c8e elementor-widget elementor-widget-heading\" data-id=\"c088c8e\" data-element_type=\"widget\" data-e-type=\"widget\" data-widget_type=\"heading.default\">\n\t\t\t\t\t<h3 class=\"elementor-heading-title elementor-size-default\">Bezp\u0142atne badanie s\u0142uchu<\/h3>\t\t\t\t<\/div>\n\t\t\t\t<div class=\"elementor-element elementor-element-e7cbe32 elementor-widget elementor-widget-text-editor\" data-id=\"e7cbe32\" data-element_type=\"widget\" data-e-type=\"widget\" data-widget_type=\"text-editor.default\">\n\t\t\t\t\t\t\t\t\t<p>Wykonujemy szereg bada\u0144 w profesjonalnej kabinie ciszy.<\/p>\t\t\t\t\t\t\t\t<\/div>\n\t\t\t\t<div class=\"elementor-element elementor-element-de7bf3c elementor-align-left elementor-mobile-align-justify elementor-widget elementor-widget-button\" data-id=\"de7bf3c\" data-element_type=\"widget\" data-e-type=\"widget\" data-widget_type=\"button.default\">\n\t\t\t\t\t\t\t\t\t\t<a class=\"elementor-button elementor-button-link elementor-size-sm\" href=\"https:\/\/www.marmed.pl\/umow-wizyte\/\" rel=\"noopener\">\n\t\t\t\t\t\t<span class=\"elementor-button-content-wrapper\">\n\t\t\t\t\t\t\t\t\t<span class=\"elementor-button-text\">Um\u00f3w wizyt\u0119<\/span>\n\t\t\t\t\t<\/span>\n\t\t\t\t\t<\/a>\n\t\t\t\t\t\t\t\t<\/div>\n\t\t\t\t<\/div>\n\t\t<div class=\"elementor-element elementor-element-b0e843b e-con-full e-flex e-con e-child\" data-id=\"b0e843b\" data-element_type=\"container\" data-e-type=\"container\" data-settings=\"{&quot;background_background&quot;:&quot;classic&quot;}\">\n\t\t\t\t<div class=\"elementor-element elementor-element-dcfafc1 elementor-widget elementor-widget-image\" data-id=\"dcfafc1\" data-element_type=\"widget\" data-e-type=\"widget\" data-widget_type=\"image.default\">\n\t\t\t\t\t\t\t\t\t\t\t\t\t\t\t<img decoding=\"async\" width=\"600\" height=\"366\" src=\"https:\/\/tjaudio.pl\/wp-content\/uploads\/2025\/06\/box2.png\" class=\"attachment-full size-full wp-image-53\" alt=\"\" srcset=\"https:\/\/tjaudio.pl\/wp-content\/uploads\/2025\/06\/box2.png 600w, https:\/\/tjaudio.pl\/wp-content\/uploads\/2025\/06\/box2-300x183.png 300w\" sizes=\"(max-width: 600px) 100vw, 600px\" \/>\t\t\t\t\t\t\t\t\t\t\t\t\t\t\t<\/div>\n\t\t\t\t<div class=\"elementor-element elementor-element-1af7f55 elementor-widget elementor-widget-heading\" data-id=\"1af7f55\" data-element_type=\"widget\" data-e-type=\"widget\" data-widget_type=\"heading.default\">\n\t\t\t\t\t<h3 class=\"elementor-heading-title elementor-size-default\">Bezp\u0142atne wypo\u017cyczenie<\/h3>\t\t\t\t<\/div>\n\t\t\t\t<div class=\"elementor-element elementor-element-3f938b3 elementor-widget elementor-widget-text-editor\" data-id=\"3f938b3\" data-element_type=\"widget\" data-e-type=\"widget\" data-widget_type=\"text-editor.default\">\n\t\t\t\t\t\t\t\t\t<p>Bezp\u0142atne wypo\u017cyczenie aparat\u00f3w s\u0142uchowych.<\/p>\t\t\t\t\t\t\t\t<\/div>\n\t\t\t\t<div class=\"elementor-element elementor-element-f6b2516 elementor-align-left elementor-mobile-align-justify elementor-widget elementor-widget-button\" data-id=\"f6b2516\" data-element_type=\"widget\" data-e-type=\"widget\" data-widget_type=\"button.default\">\n\t\t\t\t\t\t\t\t\t\t<a class=\"elementor-button elementor-button-link elementor-size-sm\" href=\"https:\/\/www.marmed.pl\/umow-wizyte\/\" rel=\"noopener\">\n\t\t\t\t\t\t<span class=\"elementor-button-content-wrapper\">\n\t\t\t\t\t\t\t\t\t<span class=\"elementor-button-text\">Um\u00f3w wizyt\u0119<\/span>\n\t\t\t\t\t<\/span>\n\t\t\t\t\t<\/a>\n\t\t\t\t\t\t\t\t<\/div>\n\t\t\t\t<\/div>\n\t\t<div class=\"elementor-element elementor-element-5c36386 e-con-full e-flex e-con e-child\" data-id=\"5c36386\" data-element_type=\"container\" data-e-type=\"container\" data-settings=\"{&quot;background_background&quot;:&quot;classic&quot;}\">\n\t\t\t\t<div class=\"elementor-element elementor-element-ff3d72f elementor-widget elementor-widget-image\" data-id=\"ff3d72f\" data-element_type=\"widget\" data-e-type=\"widget\" data-widget_type=\"image.default\">\n\t\t\t\t\t\t\t\t\t\t\t\t\t\t\t<img decoding=\"async\" width=\"600\" height=\"366\" src=\"https:\/\/tjaudio.pl\/wp-content\/uploads\/2025\/06\/wizytydomowe3.png\" class=\"attachment-full size-full wp-image-54\" alt=\"\" srcset=\"https:\/\/tjaudio.pl\/wp-content\/uploads\/2025\/06\/wizytydomowe3.png 600w, https:\/\/tjaudio.pl\/wp-content\/uploads\/2025\/06\/wizytydomowe3-300x183.png 300w\" sizes=\"(max-width: 600px) 100vw, 600px\" \/>\t\t\t\t\t\t\t\t\t\t\t\t\t\t\t<\/div>\n\t\t\t\t<div class=\"elementor-element elementor-element-46e0441 elementor-widget elementor-widget-heading\" data-id=\"46e0441\" data-element_type=\"widget\" data-e-type=\"widget\" data-widget_type=\"heading.default\">\n\t\t\t\t\t<h3 class=\"elementor-heading-title elementor-size-default\">Wizyta domowa lub online<\/h3>\t\t\t\t<\/div>\n\t\t\t\t<div class=\"elementor-element elementor-element-c67372d elementor-widget elementor-widget-text-editor\" data-id=\"c67372d\" data-element_type=\"widget\" data-e-type=\"widget\" data-widget_type=\"text-editor.default\">\n\t\t\t\t\t\t\t\t\t<p>Najni\u017csza cena aparat\u00f3w w Polsce. Regulacje poprzez aplikacj\u0119 online w domu pacjenta.<\/p>\t\t\t\t\t\t\t\t<\/div>\n\t\t\t\t<div class=\"elementor-element elementor-element-9935f5f elementor-align-left elementor-mobile-align-justify elementor-widget elementor-widget-button\" data-id=\"9935f5f\" data-element_type=\"widget\" data-e-type=\"widget\" data-widget_type=\"button.default\">\n\t\t\t\t\t\t\t\t\t\t<a class=\"elementor-button elementor-button-link elementor-size-sm\" href=\"https:\/\/www.marmed.pl\/umow-wizyte\/\" rel=\"noopener\">\n\t\t\t\t\t\t<span class=\"elementor-button-content-wrapper\">\n\t\t\t\t\t\t\t\t\t<span class=\"elementor-button-text\">Um\u00f3w wizyt\u0119<\/span>\n\t\t\t\t\t<\/span>\n\t\t\t\t\t<\/a>\n\t\t\t\t\t\t\t\t<\/div>\n\t\t\t\t<\/div>\n\t\t\t\t\t<\/div>\n\t\t\t\t<\/div>\n\t\t<div class=\"elementor-element elementor-element-8bb372b e-flex e-con-boxed e-con e-parent\" data-id=\"8bb372b\" data-element_type=\"container\" data-e-type=\"container\">\n\t\t\t\t\t<div class=\"e-con-inner\">\n\t\t\t\t<div class=\"elementor-element elementor-element-35fdccb elementor-widget__width-initial elementor-widget-mobile__width-inherit elementor-widget elementor-widget-heading\" data-id=\"35fdccb\" data-element_type=\"widget\" data-e-type=\"widget\" data-widget_type=\"heading.default\">\n\t\t\t\t\t<h2 class=\"elementor-heading-title elementor-size-default\">Firmy Partnerskie<\/h2>\t\t\t\t<\/div>\n\t\t<div class=\"elementor-element elementor-element-e1efeb4 e-con-full e-grid e-con e-child\" data-id=\"e1efeb4\" data-element_type=\"container\" data-e-type=\"container\">\n\t\t\t\t<div class=\"elementor-element elementor-element-5ca6a01 elementor-widget elementor-widget-image\" data-id=\"5ca6a01\" data-element_type=\"widget\" data-e-type=\"widget\" data-widget_type=\"image.default\">\n\t\t\t\t\t\t\t\t\t\t\t\t\t\t\t<img loading=\"lazy\" decoding=\"async\" width=\"1000\" height=\"1000\" src=\"https:\/\/tjaudio.pl\/wp-content\/uploads\/2025\/06\/starkey.webp\" class=\"attachment-full size-full wp-image-44\" alt=\"\" srcset=\"https:\/\/tjaudio.pl\/wp-content\/uploads\/2025\/06\/starkey.webp 1000w, https:\/\/tjaudio.pl\/wp-content\/uploads\/2025\/06\/starkey-300x300.webp 300w, https:\/\/tjaudio.pl\/wp-content\/uploads\/2025\/06\/starkey-150x150.webp 150w, https:\/\/tjaudio.pl\/wp-content\/uploads\/2025\/06\/starkey-768x768.webp 768w\" sizes=\"(max-width: 1000px) 100vw, 1000px\" \/>\t\t\t\t\t\t\t\t\t\t\t\t\t\t\t<\/div>\n\t\t\t\t<div class=\"elementor-element elementor-element-68b10b9 elementor-widget elementor-widget-image\" data-id=\"68b10b9\" data-element_type=\"widget\" data-e-type=\"widget\" data-widget_type=\"image.default\">\n\t\t\t\t\t\t\t\t\t\t\t\t\t\t\t<img loading=\"lazy\" decoding=\"async\" width=\"500\" height=\"500\" src=\"https:\/\/tjaudio.pl\/wp-content\/uploads\/2025\/06\/bhm-tech-logo.png\" class=\"attachment-full size-full wp-image-45\" alt=\"\" srcset=\"https:\/\/tjaudio.pl\/wp-content\/uploads\/2025\/06\/bhm-tech-logo.png 500w, https:\/\/tjaudio.pl\/wp-content\/uploads\/2025\/06\/bhm-tech-logo-300x300.png 300w, https:\/\/tjaudio.pl\/wp-content\/uploads\/2025\/06\/bhm-tech-logo-150x150.png 150w\" sizes=\"(max-width: 500px) 100vw, 500px\" \/>\t\t\t\t\t\t\t\t\t\t\t\t\t\t\t<\/div>\n\t\t\t\t<div class=\"elementor-element elementor-element-b2bf807 elementor-widget elementor-widget-image\" data-id=\"b2bf807\" data-element_type=\"widget\" data-e-type=\"widget\" data-widget_type=\"image.default\">\n\t\t\t\t\t\t\t\t\t\t\t\t\t\t\t<img loading=\"lazy\" decoding=\"async\" width=\"1000\" height=\"1000\" src=\"https:\/\/tjaudio.pl\/wp-content\/uploads\/2025\/06\/interton.webp\" class=\"attachment-full size-full wp-image-46\" alt=\"\" srcset=\"https:\/\/tjaudio.pl\/wp-content\/uploads\/2025\/06\/interton.webp 1000w, https:\/\/tjaudio.pl\/wp-content\/uploads\/2025\/06\/interton-300x300.webp 300w, https:\/\/tjaudio.pl\/wp-content\/uploads\/2025\/06\/interton-150x150.webp 150w, https:\/\/tjaudio.pl\/wp-content\/uploads\/2025\/06\/interton-768x768.webp 768w\" sizes=\"(max-width: 1000px) 100vw, 1000px\" \/>\t\t\t\t\t\t\t\t\t\t\t\t\t\t\t<\/div>\n\t\t\t\t<div class=\"elementor-element elementor-element-10053a8 elementor-widget elementor-widget-image\" data-id=\"10053a8\" data-element_type=\"widget\" data-e-type=\"widget\" data-widget_type=\"image.default\">\n\t\t\t\t\t\t\t\t\t\t\t\t\t\t\t<img loading=\"lazy\" decoding=\"async\" width=\"1000\" height=\"1000\" src=\"https:\/\/tjaudio.pl\/wp-content\/uploads\/2025\/06\/oticon.webp\" class=\"attachment-full size-full wp-image-47\" alt=\"\" srcset=\"https:\/\/tjaudio.pl\/wp-content\/uploads\/2025\/06\/oticon.webp 1000w, https:\/\/tjaudio.pl\/wp-content\/uploads\/2025\/06\/oticon-300x300.webp 300w, https:\/\/tjaudio.pl\/wp-content\/uploads\/2025\/06\/oticon-150x150.webp 150w, https:\/\/tjaudio.pl\/wp-content\/uploads\/2025\/06\/oticon-768x768.webp 768w\" sizes=\"(max-width: 1000px) 100vw, 1000px\" \/>\t\t\t\t\t\t\t\t\t\t\t\t\t\t\t<\/div>\n\t\t\t\t<div class=\"elementor-element elementor-element-59e5825 elementor-widget elementor-widget-image\" data-id=\"59e5825\" data-element_type=\"widget\" data-e-type=\"widget\" data-widget_type=\"image.default\">\n\t\t\t\t\t\t\t\t\t\t\t\t\t\t\t<img loading=\"lazy\" decoding=\"async\" width=\"1000\" height=\"1000\" src=\"https:\/\/tjaudio.pl\/wp-content\/uploads\/2025\/06\/phonak.webp\" class=\"attachment-full size-full wp-image-48\" alt=\"\" srcset=\"https:\/\/tjaudio.pl\/wp-content\/uploads\/2025\/06\/phonak.webp 1000w, https:\/\/tjaudio.pl\/wp-content\/uploads\/2025\/06\/phonak-300x300.webp 300w, https:\/\/tjaudio.pl\/wp-content\/uploads\/2025\/06\/phonak-150x150.webp 150w, https:\/\/tjaudio.pl\/wp-content\/uploads\/2025\/06\/phonak-768x768.webp 768w\" sizes=\"(max-width: 1000px) 100vw, 1000px\" \/>\t\t\t\t\t\t\t\t\t\t\t\t\t\t\t<\/div>\n\t\t\t\t<\/div>\n\t\t\t\t\t<\/div>\n\t\t\t\t<\/div>\n\t\t<div class=\"elementor-element elementor-element-8d713ed e-con-full e-flex e-con e-parent\" data-id=\"8d713ed\" data-element_type=\"container\" data-e-type=\"container\" data-settings=\"{&quot;background_background&quot;:&quot;classic&quot;}\">\n\t\t\t\t<div class=\"elementor-element elementor-element-dac5961 elementor-view-default elementor-widget elementor-widget-icon\" data-id=\"dac5961\" data-element_type=\"widget\" data-e-type=\"widget\" data-widget_type=\"icon.default\">\n\t\t\t\t\t\t\t<div class=\"elementor-icon-wrapper\">\n\t\t\t<div class=\"elementor-icon\">\n\t\t\t<svg aria-hidden=\"true\" class=\"e-font-icon-svg e-fas-phone-alt\" viewBox=\"0 0 512 512\" xmlns=\"http:\/\/www.w3.org\/2000\/svg\"><path d=\"M497.39 361.8l-112-48a24 24 0 0 0-28 6.9l-49.6 60.6A370.66 370.66 0 0 1 130.6 204.11l60.6-49.6a23.94 23.94 0 0 0 6.9-28l-48-112A24.16 24.16 0 0 0 122.6.61l-104 24A24 24 0 0 0 0 48c0 256.5 207.9 464 464 464a24 24 0 0 0 23.4-18.6l24-104a24.29 24.29 0 0 0-14.01-27.6z\"><\/path><\/svg>\t\t\t<\/div>\n\t\t<\/div>\n\t\t\t\t\t\t<\/div>\n\t\t\t\t<div class=\"elementor-element elementor-element-6effa8b elementor-widget elementor-widget-heading\" data-id=\"6effa8b\" data-element_type=\"widget\" data-e-type=\"widget\" data-widget_type=\"heading.default\">\n\t\t\t\t\t<h2 class=\"elementor-heading-title elementor-size-default\">Infolinia:<\/h2>\t\t\t\t<\/div>\n\t\t\t\t<div class=\"elementor-element elementor-element-56dbda1 elementor-widget elementor-widget-heading\" data-id=\"56dbda1\" data-element_type=\"widget\" data-e-type=\"widget\" data-widget_type=\"heading.default\">\n\t\t\t\t\t<h2 class=\"elementor-heading-title elementor-size-default\"><a href=\"tel:+48613070311\">+48 61 307 03 11<\/a><\/h2>\t\t\t\t<\/div>\n\t\t\t\t<\/div>\n\t\t<div class=\"elementor-element elementor-element-0c16ff4 e-grid e-con-boxed e-con e-parent\" data-id=\"0c16ff4\" data-element_type=\"container\" data-e-type=\"container\">\n\t\t\t\t\t<div class=\"e-con-inner\">\n\t\t<div class=\"elementor-element elementor-element-9cd8e64 e-con-full e-flex e-con e-child\" data-id=\"9cd8e64\" data-element_type=\"container\" data-e-type=\"container\">\n\t\t\t\t<div class=\"elementor-element elementor-element-110be3a elementor-widget elementor-widget-heading\" data-id=\"110be3a\" data-element_type=\"widget\" data-e-type=\"widget\" data-widget_type=\"heading.default\">\n\t\t\t\t\t<h2 class=\"elementor-heading-title elementor-size-default\">O Firmie<\/h2>\t\t\t\t<\/div>\n\t\t\t\t<div class=\"elementor-element elementor-element-effaa62 elementor-widget elementor-widget-text-editor\" data-id=\"effaa62\" data-element_type=\"widget\" data-e-type=\"widget\" data-widget_type=\"text-editor.default\">\n\t\t\t\t\t\t\t\t\tWierzymy, \u017ce dob\u00f3r aparat\u00f3w s\u0142uchowych to co\u015b wi\u0119cej ni\u017c zwyk\u0142a praca. Du\u017c\u0105 wag\u0119 przyk\u0142adamy do ci\u0105g\u0142ego doskonalenia wiedzy fachowej z zakresu szeroko rozumianej audioprotetyki. Zwracamy baczn\u0105 uwag\u0119 na informacj\u0119 zwrotn\u0105 od naszych Pacjent\u00f3w na temat jako\u015bci naszych us\u0142ug. Od lat wsp\u00f3\u0142pracujemy ze Stowarzyszeniem Os\u00f3b Niedos\u0142ysz\u0105cych \u201eTON\u201d Jeste\u015bmy r\u00f3wnie\u017c cz\u0142onkiem \u201ePolskiego Stowarzyszenia Protetyk\u00f3w S\u0142uchu\u201d.\t\t\t\t\t\t\t\t<\/div>\n\t\t\t\t<\/div>\n\t\t<div class=\"elementor-element elementor-element-fc76dbd e-con-full e-flex e-con e-child\" data-id=\"fc76dbd\" data-element_type=\"container\" data-e-type=\"container\">\n\t\t\t\t<div class=\"elementor-element elementor-element-2388b1f elementor-widget elementor-widget-heading\" data-id=\"2388b1f\" data-element_type=\"widget\" data-e-type=\"widget\" data-widget_type=\"heading.default\">\n\t\t\t\t\t<h2 class=\"elementor-heading-title elementor-size-default\">Co oferujemy?<\/h2>\t\t\t\t<\/div>\n\t\t\t\t<div class=\"elementor-element elementor-element-d3c90de elementor-widget elementor-widget-text-editor\" data-id=\"d3c90de\" data-element_type=\"widget\" data-e-type=\"widget\" data-widget_type=\"text-editor.default\">\n\t\t\t\t\t\t\t\t\t<ul><li>Apraty s\u0142uchowe tylko najbardziej renomowanych \u015bwiatowych producent\u00f3w<\/li><li>Profesjonalne Badanie S\u0142uchu<\/li><li>5-letni\u0105 bezp\u0142atn\u0105 opiek\u0119 audioprotetyczn\u0105<\/li><li>Konsultacje laryngologiczne<\/li><li>Pomoc w uzyskaniu dofinansowa\u0144<\/li><li>Atrakcyjny system ratalny<\/li><li>Generatory szum\u00f3w usznych<\/li><li>Ochronniki s\u0142uchu dla os\u00f3b pracuj\u0105cych w ha\u0142asie<\/li><\/ul>\t\t\t\t\t\t\t\t<\/div>\n\t\t\t\t<\/div>\n\t\t<div class=\"elementor-element elementor-element-d0b024a e-con-full e-flex e-con e-child\" data-id=\"d0b024a\" data-element_type=\"container\" data-e-type=\"container\">\n\t\t\t\t<div class=\"elementor-element elementor-element-3232def elementor-widget elementor-widget-heading\" data-id=\"3232def\" data-element_type=\"widget\" data-e-type=\"widget\" data-widget_type=\"heading.default\">\n\t\t\t\t\t<h2 class=\"elementor-heading-title elementor-size-default\">Kontakt<\/h2>\t\t\t\t<\/div>\n\t\t\t\t<div class=\"elementor-element elementor-element-587f8c4 elementor-widget elementor-widget-text-editor\" data-id=\"587f8c4\" data-element_type=\"widget\" data-e-type=\"widget\" data-widget_type=\"text-editor.default\">\n\t\t\t\t\t\t\t\t\t<p>TJaudio Aparaty S\u0142uchowe<br \/>email: <a href=\"mailto:centrala@tjaudio.pl\">centrala@tjaudio.pl<\/a><br \/>tel.:<a href=\"tel:+48613070311\"> +48 61 307 03 11<\/a><\/p>\t\t\t\t\t\t\t\t<\/div>\n\t\t\t\t<\/div>\n\t\t\t\t\t<\/div>\n\t\t\t\t<\/div>\n\t\t\t\t<\/div>\n\t\t","protected":false},"excerpt":{"rendered":"<p>Podczas doboru aparat\u00c3\u00b3w s\u00c5\u201auchowych, skupiamy si\u00c4\u2122 na zapewnienie naszym pacjentom najwy\u00c5\u00bcszego komfortu zrozumienia mowy oraz ograniczeniu wszelkiego rodzaju zak\u00c5\u201a\u00c3\u00b3ce\u00c5\u201e. Najwy\u00c5\u00bcszym dowodem uznania jest dla nas polecenie naszych us\u00c5\u201aug swojej rodzinie oraz znajomym. Dowiedz si\u00c4\u2122 wi\u00c4\u2122cej Znajd\u00c5\u00ba oddzia\u00c5\u201a TJaudio Um\u00c3\u00b3w si\u00c4\u2122 ju\u00c5\u00bc dzi\u00c5\u203a Um\u00c3\u00b3w wizyt\u00c4\u2122 Bezp\u00c5\u201aatne badanie s\u00c5\u201auchu Wykonujemy szereg bada\u00c5\u201e w profesjonalnej kabinie ciszy. Um\u00c3\u00b3w [&hellip;]<\/p>\n","protected":false},"author":1,"featured_media":0,"parent":0,"menu_order":0,"comment_status":"closed","ping_status":"closed","template":"","meta":{"footnotes":""},"class_list":["post-7","page","type-page","status-publish","hentry"],"_links":{"self":[{"href":"https:\/\/tjaudio.pl\/index.php?rest_route=\/wp\/v2\/pages\/7","targetHints":{"allow":["GET"]}}],"collection":[{"href":"https:\/\/tjaudio.pl\/index.php?rest_route=\/wp\/v2\/pages"}],"about":[{"href":"https:\/\/tjaudio.pl\/index.php?rest_route=\/wp\/v2\/types\/page"}],"author":[{"embeddable":true,"href":"https:\/\/tjaudio.pl\/index.php?rest_route=\/wp\/v2\/users\/1"}],"replies":[{"embeddable":true,"href":"https:\/\/tjaudio.pl\/index.php?rest_route=%2Fwp%2Fv2%2Fcomments&post=7"}],"version-history":[{"count":19,"href":"https:\/\/tjaudio.pl\/index.php?rest_route=\/wp\/v2\/pages\/7\/revisions"}],"predecessor-version":[{"id":71,"href":"https:\/\/tjaudio.pl\/index.php?rest_route=\/wp\/v2\/pages\/7\/revisions\/71"}],"wp:attachment":[{"href":"https:\/\/tjaudio.pl\/index.php?rest_route=%2Fwp%2Fv2%2Fmedia&parent=7"}],"curies":[{"name":"wp","href":"https:\/\/api.w.org\/{rel}","templated":true}]}}